[INFO] fetching crate cordic 0.1.4...
[INFO] building cordic-0.1.4 against master#881c1ac408d93bb7adaa3a51dabab9266e82eee8 for issue-85264
[INFO] extracting crate cordic 0.1.4 into /workspace/builds/worker-6/source
[INFO] validating manifest of crates.io crate cordic 0.1.4 on toolchain 881c1ac408d93bb7adaa3a51dabab9266e82eee8
[INFO] running `Command { std: "/workspace/cargo-home/bin/cargo" "+881c1ac408d93bb7adaa3a51dabab9266e82eee8" "metadata" "--manifest-path" "Cargo.toml" "--no-deps", kill_on_drop: false }`
[INFO] started tweaking crates.io crate cordic 0.1.4
[INFO] finished tweaking crates.io crate cordic 0.1.4
[INFO] tweaked toml for crates.io crate cordic 0.1.4 written to /workspace/builds/worker-6/source/Cargo.toml
[INFO] running `Command { std: "/workspace/cargo-home/bin/cargo" "+881c1ac408d93bb7adaa3a51dabab9266e82eee8" "generate-lockfile" "--manifest-path" "Cargo.toml" "-Zno-index-update", kill_on_drop: false }`
[INFO] running `Command { std: "/workspace/cargo-home/bin/cargo" "+881c1ac408d93bb7adaa3a51dabab9266e82eee8" "fetch" "--manifest-path" "Cargo.toml", kill_on_drop: false }`
[INFO] running `Command { std: "docker" "create" "-v" "/var/lib/crater-agent-workspace/builds/worker-6/target:/opt/rustwide/target:rw,Z" "-v" "/var/lib/crater-agent-workspace/builds/worker-6/source:/opt/rustwide/workdir:ro,Z" "-v" "/var/lib/crater-agent-workspace/cargo-home:/opt/rustwide/cargo-home:ro,Z" "-v" "/var/lib/crater-agent-workspace/rustup-home:/opt/rustwide/rustup-home:ro,Z" "-e" "SOURCE_DIR=/opt/rustwide/workdir" "-e" "CARGO_TARGET_DIR=/opt/rustwide/target" "-e" "CARGO_HOME=/opt/rustwide/cargo-home" "-e" "RUSTUP_HOME=/opt/rustwide/rustup-home" "-w" "/opt/rustwide/workdir" "-m" "1610612736" "--user" "0:0" "--network" "none" "ghcr.io/rust-lang/crates-build-env/linux@sha256:20528e8c29e4536546f0102ce88568b16ea7538393a33fcca951030f7af10457" "/opt/rustwide/cargo-home/bin/cargo" "+881c1ac408d93bb7adaa3a51dabab9266e82eee8" "metadata" "--no-deps" "--format-version=1", kill_on_drop: false }`
[INFO] [stdout] 2a34e63ce80ac4af95387233ea41ead49ac755cefd35c9717a28806fc3dd825a
[INFO] [stderr] WARNING: Your kernel does not support swap limit capabilities or the cgroup is not mounted. Memory limited without swap.
[INFO] running `Command { std: "docker" "start" "-a" "2a34e63ce80ac4af95387233ea41ead49ac755cefd35c9717a28806fc3dd825a", kill_on_drop: false }`
[INFO] running `Command { std: "docker" "inspect" "2a34e63ce80ac4af95387233ea41ead49ac755cefd35c9717a28806fc3dd825a", kill_on_drop: false }`
[INFO] running `Command { std: "docker" "rm" "-f" "2a34e63ce80ac4af95387233ea41ead49ac755cefd35c9717a28806fc3dd825a", kill_on_drop: false }`
[INFO] [stdout] 2a34e63ce80ac4af95387233ea41ead49ac755cefd35c9717a28806fc3dd825a
[INFO] running `Command { std: "docker" "create" "-v" "/var/lib/crater-agent-workspace/builds/worker-6/target:/opt/rustwide/target:rw,Z" "-v" "/var/lib/crater-agent-workspace/builds/worker-6/source:/opt/rustwide/workdir:ro,Z" "-v" "/var/lib/crater-agent-workspace/cargo-home:/opt/rustwide/cargo-home:ro,Z" "-v" "/var/lib/crater-agent-workspace/rustup-home:/opt/rustwide/rustup-home:ro,Z" "-e" "SOURCE_DIR=/opt/rustwide/workdir" "-e" "CARGO_TARGET_DIR=/opt/rustwide/target" "-e" "CARGO_INCREMENTAL=0" "-e" "RUST_BACKTRACE=full" "-e" "RUSTFLAGS=--cap-lints=forbid" "-e" "CARGO_HOME=/opt/rustwide/cargo-home" "-e" "RUSTUP_HOME=/opt/rustwide/rustup-home" "-w" "/opt/rustwide/workdir" "-m" "1610612736" "--user" "0:0" "--network" "none" "ghcr.io/rust-lang/crates-build-env/linux@sha256:20528e8c29e4536546f0102ce88568b16ea7538393a33fcca951030f7af10457" "/opt/rustwide/cargo-home/bin/cargo" "+881c1ac408d93bb7adaa3a51dabab9266e82eee8" "build" "--frozen" "--message-format=json", kill_on_drop: false }`
[INFO] [stdout] 22179a38665716cca13b145604151366f28e8e3e07314dd7fce747d943088211
[INFO] [stderr] WARNING: Your kernel does not support swap limit capabilities or the cgroup is not mounted. Memory limited without swap.
[INFO] running `Command { std: "docker" "start" "-a" "22179a38665716cca13b145604151366f28e8e3e07314dd7fce747d943088211", kill_on_drop: false }`
[INFO] [stderr]    Compiling typenum v1.13.0
[INFO] [stderr]    Compiling az v1.1.1
[INFO] [stderr]    Compiling fixed v1.9.0
[INFO] [stderr]    Compiling bytemuck v1.5.1
[INFO] [stderr]    Compiling cordic v0.1.4 (/opt/rustwide/workdir)
[INFO] [stdout] error[E0310]: the parameter type `Fract` may not live long enough
[INFO] [stdout]   --> src/cordic_number.rs:43:13
[INFO] [stdout]    |
[INFO] [stdout] 43 | impl<Fract> CordicNumber for FixedI8<Fract>
[INFO] [stdout]    |      -----  ^^^^^^^^^^^^ ...so that the type `Fract` will meet its required lifetime bounds
[INFO] [stdout]    |      |
[INFO] [stdout]    |      help: consider adding an explicit lifetime bound...: `Fract: 'static`
[INFO] [stdout] 
[INFO] [stdout] 
[INFO] [stdout] error[E0310]: the parameter type `Fract` may not live long enough
[INFO] [stdout]   --> src/cordic_number.rs:96:13
[INFO] [stdout]    |
[INFO] [stdout] 96 | impl<Fract> CordicNumber for FixedI32<Fract>
[INFO] [stdout]    |      -----  ^^^^^^^^^^^^ ...so that the type `Fract` will meet its required lifetime bounds
[INFO] [stdout]    |      |
[INFO] [stdout]    |      help: consider adding an explicit lifetime bound...: `Fract: 'static`
[INFO] [stdout] 
[INFO] [stdout] 
[INFO] [stdout] error[E0310]: the parameter type `Fract` may not live long enough
[INFO] [stdout]    --> src/cordic_number.rs:149:13
[INFO] [stdout]     |
[INFO] [stdout] 149 | impl<Fract> CordicNumber for FixedI16<Fract>
[INFO] [stdout]     |      -----  ^^^^^^^^^^^^ ...so that the type `Fract` will meet its required lifetime bounds
[INFO] [stdout]     |      |
[INFO] [stdout]     |      help: consider adding an explicit lifetime bound...: `Fract: 'static`
[INFO] [stdout] 
[INFO] [stdout] 
[INFO] [stdout] error[E0310]: the parameter type `Fract` may not live long enough
[INFO] [stdout]    --> src/cordic_number.rs:202:13
[INFO] [stdout]     |
[INFO] [stdout] 202 | impl<Fract> CordicNumber for FixedI64<Fract>
[INFO] [stdout]     |      -----  ^^^^^^^^^^^^ ...so that the type `Fract` will meet its required lifetime bounds
[INFO] [stdout]     |      |
[INFO] [stdout]     |      help: consider adding an explicit lifetime bound...: `Fract: 'static`
[INFO] [stdout] 
[INFO] [stdout] 
[INFO] [stdout] error: aborting due to 4 previous errors
[INFO] [stdout] 
[INFO] [stdout] 
[INFO] [stdout] For more information about this error, try `rustc --explain E0310`.
[INFO] [stdout] 
[INFO] [stderr] error: could not compile `cordic`
[INFO] [stderr] 
[INFO] [stderr] To learn more, run the command again with --verbose.
[INFO] [stderr] warning: build failed, waiting for other jobs to finish...
[INFO] [stderr] error: build failed
[INFO] running `Command { std: "docker" "inspect" "22179a38665716cca13b145604151366f28e8e3e07314dd7fce747d943088211", kill_on_drop: false }`
[INFO] running `Command { std: "docker" "rm" "-f" "22179a38665716cca13b145604151366f28e8e3e07314dd7fce747d943088211", kill_on_drop: false }`
[INFO] [stdout] 22179a38665716cca13b145604151366f28e8e3e07314dd7fce747d943088211
